e remainder when 987148 is divided by 492685.
1778
What is the remainder when 1203306 is divided by 221?
182
Calculate the remainder when 411802 is divided by 24214.
164
What is the remainder when 288304 is divided by 16868?
1548
Calculate the remainder when 192577008 is divided by 24072126.
0
What is the remainder when 5874652 is divided by 3?
1
What is the remainder when 92898 is divided by 1822?
1798
What is the remainder when 489287 is divided by 244616?
55
Calculate the remainder when 1073841 is divided by 395.
231
What is the remainder when 176009798 is divided by 257?
7
What is the remainder when 31502 is divided by 1124?
30
What is the remainder when 708285 is divided by 88?
61
Calculate the remainder when 3245195 is divided by 360574.
29
Calculate the remainder when 22760265 is divided by 9913.
17
Calculate the remainder when 867483 is divided by 138.
15
Calculate the remainder when 3461252 is divided by 51.
35
Calculate the remainder when 6610231 is divided by 2615.
2126
Calculate the remainder when 354873 is divided by 443.
30
Calculate the remainder when 143747 is divided by 13004.
703
Calculate the remainder when 84300003 is divided by 23.
12
Calculate the remainder when 257160236 is divided by 3657.
3653
Calculate the remainder when 5062752 is divided by 1243.
13
What is the remainder when 3964799 is divided by 991184?
63
Calculate the remainder when 4491149 is divided by 26264.
5
What is the remainder when 541742340 is divided by 115?
110
What is the remainder when 14726 is divided by 13551?
1175
What is the remainder when 3236514 is divided by 98068?
270
What is the remainder when 2599 is divided by 1450?
1149
Calculate the remainder when 5305040 is divided by 33575.
190
What is the remainder when 40941719 is divided by 110355?
14
What is the remainder when 2815509 is divided by 938499?
12
What is the remainder when 142248102 is divided by 15805344?
6
Calculate the remainder when 105790877 is divided by 9.
8
Calculate the remainder when 579954 is divided by 96655.
24
What is the remainder when 126594 is divided by 318?
30
Calculate the remainder when 2298144 is divided by 154.
2
Calculate the remainder when 32403256 is divided by 102.
100
Calculate the remainder when 14224718 is divided by 1201.
74
Calculate the remainder when 2194447 is divided by 289.
70
Calculate the remainder when 25313810 is divided by 25313784.
26
Calculate the remainder when 26581173 is divided by 174876.
21
Calculate the remainder when 1007674 is divided by 6901.
128
What is the remainder when 257940 is divided by 12281?
39
Calculate the remainder when 1625569 is divided by 1268.
1261
What is the remainder when 51280257 is divided by 10256050?
7
What is the remainder when 3333754 is divided by 3151?
3147
What is the remainder when 40961955 is divided by 13876?
3
What is the remainder when 46564942 is divided by 1085?
1082
Calculate the remainder when 830972 is divided by 768.
764
Calculate the remainder when 6454647 is divided by 150.
147
Calculate the remainder when 1342900 is divided by 5423.
3419
What is the remainder when 104532 is divided by 8054?
7884
Calculate the remainder when 1315214 is divided by 59782.
10
What is the remainder when 3824062 is divided by 1912025?
12
Calculate the remainder when 5899022 is divided by 453768.
38
What is the remainder when 11174556 is divided by 57?
48
Calculate the remainder when 270209 is divided by 38598.
23
What is the remainder when 204377450 is divided by 51?
50
What is the remainder when 44175109 is divided by 5?
4
What is the remainder when 7307092 is divided by 3653427?
238
Calculate the remainder when 963131 is divided by 137567.
162
Calculate the remainder when 148345343 is divided by 73.
72
Calculate the remainder when 230272 is divided by 57512.
224
Calculate the remainder when 1356947 is divided by 14.
11
Calculate the remainder when 10230439 is divided by 40.
39
Calculate the remainder when 4964763 is divided by 496410.
663
What is the remainder when 1070721 is divided by 152544?
2913
Calculate the remainder when 1244367 is divided by 4162.
4091
What is the remainder when 14655 is divided by 59?
23
Calculate the remainder when 456445 is divided by 453184.
3261
Calculate the remainder when 3394870 is divided by 2379.
37
Calculate the remainder when 203360 is divided by 933.
899
What is the remainder when 9136103 is divided by 1595?
1538
What is the remainder when 13545359 is divided by 60?
59
What is the remainder when 4174319 is divided by 1936?
303
What is the remainder when 550879204 is divided by 4856?
4852
What is the remainder when 55254 is divided by 148?
50
What is the remainder when 556847 is divided by 268?
211
What is the remainder when 96906 is divided by 479?
148
What is the remainder when 79152 is divided by 532?
416
What is the remainder when 30794173 is divided by 3?
1
What is the remainder when 986370 is divided by 82191?
78
What is the remainder when 42692 is divided by 2907?
1994
What is the remainder when 492286 is divided by 1466?
1176
Calculate the remainder when 642412 is divided by 2185.
22
Calculate the remainder when 1501785 is divided by 4404.
21
Calculate the remainder when 208989 is divided by 208985.
4
Calculate the remainder when 3502688 is divided by 61.
7
What is the remainder when 9526484 is divided by 13948?
0
What is the remainder when 2953354 is divided by 272?
250
What is the remainder when 8389420 is divided by 44?
28
Calculate the remainder when 87428495 is divided by 857142.
11
Calculate the remainder when 2348555 is divided by 448.
139
Calculate the remainder when 38304 is divided by 618.
606
Calculate the remainder when 3702448 is divided by 1124.
1116
What is the remainder when 6835206 is divided by 7732?
118
What is the remainder when 17512393 is divided by 31?
28
What is the remainder when 487947 is divided by 2159?
13
What is the remainder when 118963 is divided by 1394?
473
Calculate the remainder when 15158792 is divided by 797831.
3
What is the remainder when 332154 is divided by 11?
9
Calculate the remainder when 89915689 is divided by 24.
1
What is the remainder when 107672 is divided by 1196?
32
Calculate the remainder when 8034861 is divided by 3799.
3775
Calculate the remainder when 21114027 is divided by 124935.
12
Calculate the remainder when 6517781 is divided by 2558.
2555
What is the remainder when 64736343 is divided by 6473632?
23
What is the remainder when 28298391 is divided by 34?
21
What is the remainder when 289583 is divided by 354?
11
What is the remainder when 371826 is divided by 762?
732
What is the remainder when 186810 is divided by 6846?
1968
Calculate the remainder when 27493963 is divided by 950.
13
Calculate the remainder when 2544117 is divided by 115.
87
What is the remainder when 10207 is divided by 7089?
3118
Calculate the remainder when 35147 is divided by 217.
210
What is the remainder when 1161008 is divided by 93?
89
What is the remainder when 7037716 is divided by 621?
544
Calculate the remainder when 4165757 is divided by 3440.
3357
Calculate the remainder when 19653363 is divided by 18.
9
What is the remainder when 639209 is divided by 232?
49
Calculate the remainder when 1138931 is divided by 226749.
5186
Calculate the remainder when 15911311 is divided by 2651879.
37
What is the remainder when 15339 is divided by 5928?
3483
Calculate the remainder when 761335 is divided by 302.
295
Calculate the remainder when 139843 is divided by 19039.
6570
What is the remainder when 781032997 is divided by 3256?
3253
What is the remainder when 141403259 is divided by 940?
939
What is the remainder when 53193 is divided by 92?
17
Calculate the remainder when 24865 is divided by 956.
9
What is the remainder when 1761157 is divided by 128?
5
What is the remainder when 19488617 is divided by 9?
8
Calculate the remainder when 771992152 is divided by 6.
4
Calculate the remainder when 4476743 is divided by 9346.
9
What is the remainder when 43576546 is divided by 3631378?
10
What is the remainder when 9451441 is divided by 805?
741
Calculate the remainder when 1522325 is divided by 6585.
1190
What is the remainder when 149637 is divided by 4533?
48
What is the remainder when 409735 is divided by 27?
10
Calculate the remainde